{"id":60,"date":"2016-03-01T12:39:01","date_gmt":"2016-03-01T12:39:01","guid":{"rendered":"https:\/\/esa.ipb.pt\/cv\/jazevedo\/?page_id=60"},"modified":"2023-06-28T08:33:12","modified_gmt":"2023-06-28T08:33:12","slug":"research","status":"publish","type":"page","link":"https:\/\/esa.ipb.pt\/cv\/jazevedo\/research\/","title":{"rendered":""},"content":{"rendered":"<h3>Research interests<\/h3>\n<ul>\n<li>Forest landscape ecology<\/li>\n<li>Sustainability in forested landscapes<\/li>\n<li>Ecosystem services in changing landscapes<\/li>\n<li>Sustainable forest bioenergy production systems<\/li>\n<li>Mountain sustainability<\/li>\n<\/ul>\n<h3>Cost Actions<\/h3>\n<p style=\"padding-left: 30px\">COST Action CA15226: <a href=\"http:\/\/www.cost.eu\/COST_Actions\/ca\/CA15226\">Climate-Smart Forestry in Mountain Regions<\/a>. MC Member. 2016-2020<\/p>\n<p style=\"padding-left: 30px\">\u00a0<a href=\"http:\/\/climo.unimol.it\/\" target=\"_blank\" rel=\"noopener noreferrer\"><img decoding=\"async\" loading=\"lazy\" class=\"wp-image-369 alignnone\" src=\"https:\/\/esa.ipb.pt\/cv\/jazevedo\/wp-content\/uploads\/sites\/3\/2018\/02\/CLIMO-150x108.png\" alt=\"\" width=\"126\" height=\"95\" \/><\/a><\/p>\n<h3>Funded Research Projects<\/h3>\n<p style=\"padding-left: 30px\"><a href=\"https:\/\/www.amazon-fish.com\/forestfisher\"><strong>ForestFisher <\/strong>&#8211; Priority areas for conservation and restoration of Amazonian forest-frugivorous fish interactions and associated fisheries<\/a>, ERA-NET Cofund BiodivRestore, DivResto-re\/0010\/2020, Funda\u00e7\u00e3o para a Ci\u00eancia e Tecnologia, 2022 &#8211; 2025.<\/p>\n<p style=\"padding-left: 30px\"><strong>MONTCLIMA <\/strong>&#8211; Clima e riscos naturais nas montanhas do SUDOE. Interreg Sudoe SOE3\/P4\/E0874, 2019-2021.<\/p>\n<p style=\"padding-left: 30px\"><strong>BEEHAPPY<\/strong> &#8211; Bee (<em>Apis mellifera<\/em> L.) Health in the Azores: comparing ePidemiological Patterns in a unique natural laboratory, POCI &#8211; SAICT, 02\/SAICT\/2017, 2018-2021<strong>.<\/strong> Funda\u00e7\u00e3o para a Ci\u00eancia e Tecnologia.<\/p>\n<p style=\"padding-left: 30px\"><strong>FirESmart<\/strong> &#8211; Nature-based solutions for preventive fire management and sustained supply of eco-system services.PCIF\/MOG\/0083\/2017, 2019-2021. Funda\u00e7\u00e3o para a Ci\u00eancia e Tecnologia.<\/p>\n<p style=\"padding-left: 30px\"><strong>SUBe<\/strong> &#8211; Small scale power generation Unit using Biomass gasification. PCIF\/GVB\/0197\/2017, 2019-2021. Funda\u00e7\u00e3o para a Ci\u00eancia e Tecnologia.<\/p>\n<p style=\"padding-left: 30px\"><strong>SAFe<\/strong> &#8211; Sistema de Monitoriza\u00e7\u00e3o e Alerta Florestal. Funda\u00e7\u00e3o \u201cLa Caixa\u201d, 2019-2021.<\/p>\n<p style=\"padding-left: 30px\"><a href=\"http:\/\/www.cimo.ipb.pt\/web\/index.php?r=project\/view&amp;id=254\"><strong>ValorMais<\/strong> &#8211; Cria\u00e7\u00e3o de valor com os subprodutos agro-alimentares e florestais,\u00a0<\/a>2017-2019. PDR 2020.<\/p>\n<p style=\"padding-left: 30px\"><a href=\"https:\/\/www.sospraderas.eu\/pt-pt\/\" target=\"_blank\" rel=\"noopener noreferrer\"><strong>SOS Lameiros\/SOS Praderas:<\/strong> Voltando atr\u00e1s para alcan\u00e7ar o futuro: Moderniza\u00e7\u00e3o do maneio tradicional dos prados de feno em dire\u00e7\u00e3o \u00e0 rentabilidade e \u00e0 conserva\u00e7\u00e3o da natureza<\/a>,\u00a0 2016-2019. Interreg SUDOE.<\/p>\n<p style=\"padding-left: 30px\"><a href=\"http:\/\/simwood.efi.int\/\" target=\"_blank\" rel=\"noopener noreferrer\"><strong>SIMWOOD<\/strong> &#8211; Sustainable Innovative Mobilisation of Wood,<\/a> Projet no. 613762, FP7- KBBE. 2013.1.2-07, 2013-17.<\/p>\n<p style=\"padding-left: 30px\"><strong>IND_CHANGE <\/strong>&#8211; INDicator-based modelling tools to predict landscape CHANGE and to improve the application of social-ecological research in adaptive land management, PTDC\/AAG-MAA\/4539\/2012, 2013-2015. Funda\u00e7\u00e3o para a Ci\u00eancia e Tecnologia.<\/p>\n<p style=\"padding-left: 30px\"><strong>HiCC<\/strong>-Biological Control by Hypovirulence Against Chestnut Blight in Portugal, PTDC\/AGR-PRO\/4606\/2012, 2013-15. Funda\u00e7\u00e3o para a Ci\u00eancia e Tecnologia.<\/p>\n<p style=\"padding-left: 30px\">Aumento da produ\u00e7\u00e3o de castanha e recupera\u00e7\u00e3o dos castanheiros doentes pela aplica\u00e7\u00e3o da luta biol\u00f3gica contra o Cancro\u201d, Funded by Programa PRODER, Medida 4.1.<\/p>\n<p style=\"padding-left: 30px\">Patterns and processes of (neutral and adaptive) variation in the honey bee (<em>Apis mellifera iberiensis<\/em>) hybrid zone of the Iberian Peninsula: a population genetics approach integrating population genomics and landscape genetics, PTDC\/BIA-BEC\/099640\/2008, 2010-2012. Funda\u00e7\u00e3o para a Ci\u00eancia e Tecnologia.<\/p>\n<p style=\"padding-left: 30px\">Predicting risk of soil degradation associated with biomass production and landuse changes at the Alqueva dam watershed, PTDC\/AAC-AMB\/102173\/2008, 2010-2012. Funda\u00e7\u00e3o para a Ci\u00eancia e Tecnologia.<\/p>\n<p style=\"padding-left: 30px\">\u201cPercorra milh\u00f5es de anos geol\u00f3gicos nos 12878 ha do S\u00edtio de Morais\u201d. Programa do Estudo integral do Sitio de Morais. Funded by Programa Operacional Regional do Norte \u2013 ON2. 2008-2010.<\/p>\n<p style=\"padding-left: 30px\">Woody biomass for energy: development of sustainable systems for providing production, regulation and conservation goods and services, PTDC\/AGR-CFL\/64500\/2006, 2007-10. Funda\u00e7\u00e3o para a Ci\u00eancia e Tecnologia, PI.<\/p>\n<p style=\"padding-left: 30px\">\u201cPapel regulador dos azinhais na propaga\u00e7\u00e3o de inc\u00eandios florestais: defini\u00e7\u00e3o de medidas de ordenamento e gest\u00e3o \u00e0 escala da paisagem\u201d, funded by Fundo Florestal Permanente, 2007-09. PI.<\/p>\n<p style=\"text-align: justify\">\n","protected":false},"excerpt":{"rendered":"<p>Research interests Forest landscape ecology Sustainability in forested landscapes Ecosystem services in changing landscapes Sustainable forest bioenergy production systems Mountain sustainability Cost Actions COST Action CA15226: Climate-Smart Forestry in Mountain Regions. MC Member. 2016-2020 \u00a0 Funded Research Projects ForestFisher &#8211; Priority areas for conservation and restoration of Amazonian forest-frugivorous fish interactions and associated fisheries, ERA-NET [&hellip;]<\/p>\n","protected":false},"author":3,"featured_media":0,"parent":0,"menu_order":0,"comment_status":"closed","ping_status":"closed","template":"sidebar-page.php","meta":[],"_links":{"self":[{"href":"https:\/\/esa.ipb.pt\/cv\/jazevedo\/wp-json\/wp\/v2\/pages\/60"}],"collection":[{"href":"https:\/\/esa.ipb.pt\/cv\/jazevedo\/wp-json\/wp\/v2\/pages"}],"about":[{"href":"https:\/\/esa.ipb.pt\/cv\/jazevedo\/wp-json\/wp\/v2\/types\/page"}],"author":[{"embeddable":true,"href":"https:\/\/esa.ipb.pt\/cv\/jazevedo\/wp-json\/wp\/v2\/users\/3"}],"replies":[{"embeddable":true,"href":"https:\/\/esa.ipb.pt\/cv\/jazevedo\/wp-json\/wp\/v2\/comments?post=60"}],"version-history":[{"count":32,"href":"https:\/\/esa.ipb.pt\/cv\/jazevedo\/wp-json\/wp\/v2\/pages\/60\/revisions"}],"predecessor-version":[{"id":662,"href":"https:\/\/esa.ipb.pt\/cv\/jazevedo\/wp-json\/wp\/v2\/pages\/60\/revisions\/662"}],"wp:attachment":[{"href":"https:\/\/esa.ipb.pt\/cv\/jazevedo\/wp-json\/wp\/v2\/media?parent=60"}],"curies":[{"name":"wp","href":"https:\/\/api.w.org\/{rel}","templated":true}]}}