{"id":160,"date":"2016-03-02T15:47:22","date_gmt":"2016-03-02T15:47:22","guid":{"rendered":"https:\/\/esa.ipb.pt\/cv\/jazevedo\/?page_id=160"},"modified":"2023-06-28T08:36:56","modified_gmt":"2023-06-28T08:36:56","slug":"editorial-positions","status":"publish","type":"page","link":"https:\/\/esa.ipb.pt\/cv\/jazevedo\/editorial-positions\/","title":{"rendered":""},"content":{"rendered":"<h3>Editorial positions<\/h3>\n<p style=\"padding-left: 30px\"><a href=\"https:\/\/www.springer.com\/journal\/40823\/\" target=\"_blank\" rel=\"noopener noreferrer\">Current Landscape Ecology Reports<\/a>, Springer. Section editor: Forest Landscape Ecology.<\/p>\n<p style=\"padding-left: 30px\"><a href=\"https:\/\/ecologicalprocesses.springeropen.com\/\">Ecological Processes<\/a>, Springer Nature- Institute of Applied Ecology, Chinese Academy of Sciences. Associate editor<\/p>\n<p style=\"padding-left: 30px\"><a href=\"https:\/\/www.mrd-journal.org\/\" target=\"_blank\" rel=\"noopener noreferrer\">Mountain Research and Development<\/a>, International Mountain Society, Bern, Switzerland, International Editorial Board<\/p>\n<p style=\"padding-left: 30px\"><a href=\"http:\/\/www.springer.com\/earth+sciences+and+geography\/journal\/11629\" target=\"_blank\" rel=\"noopener noreferrer\">Journal of Mountain Science<\/a>, Chinese Academy of Sciences (CAS), Chengdu Institute of Mountain Hazards and Environment, Science Press China, Springer, Editorial Board<\/p>\n<p style=\"padding-left: 30px\"><a href=\"http:\/\/coral.ufsm.br\/ccrrevista\/indexi.htm\" target=\"_blank\" rel=\"noopener noreferrer\">Ci\u00eancia Rural<\/a>, Universidade Federal de Santa Maria, Brazil, Editorial Commission<\/p>\n<p style=\"padding-left: 30px\"><a href=\"http:\/\/revistas.cpd.ufv.br\/arvoreweb\/index.php\" target=\"_blank\" rel=\"noopener noreferrer\">Revista \u00c1rvore<\/a><a href=\"http:\/\/revistas.cpd.ufv.br\/arvoreweb\/index.php\">-Journal of Brazilian Forest Science<\/a>, Sociedade de Investiga\u00e7\u00f5es Florestais e Universidade Federal de Vi\u00e7osa, Brazil,\u00a0Editorial Board<\/p>\n\n\n<p><\/p>\n","protected":false},"excerpt":{"rendered":"<p>Editorial positions Current Landscape Ecology Reports, Springer. Section editor: Forest Landscape Ecology. Ecological Processes, Springer Nature- Institute of Applied Ecology, Chinese Academy of Sciences. Associate editor Mountain Research and Development, International Mountain Society, Bern, Switzerland, International Editorial Board Journal of Mountain Science, Chinese Academy of Sciences (CAS), Chengdu Institute of Mountain Hazards and Environment, Science [&hellip;]<\/p>\n","protected":false},"author":3,"featured_media":0,"parent":0,"menu_order":0,"comment_status":"closed","ping_status":"closed","template":"sidebar-page.php","meta":[],"_links":{"self":[{"href":"https:\/\/esa.ipb.pt\/cv\/jazevedo\/wp-json\/wp\/v2\/pages\/160"}],"collection":[{"href":"https:\/\/esa.ipb.pt\/cv\/jazevedo\/wp-json\/wp\/v2\/pages"}],"about":[{"href":"https:\/\/esa.ipb.pt\/cv\/jazevedo\/wp-json\/wp\/v2\/types\/page"}],"author":[{"embeddable":true,"href":"https:\/\/esa.ipb.pt\/cv\/jazevedo\/wp-json\/wp\/v2\/users\/3"}],"replies":[{"embeddable":true,"href":"https:\/\/esa.ipb.pt\/cv\/jazevedo\/wp-json\/wp\/v2\/comments?post=160"}],"version-history":[{"count":13,"href":"https:\/\/esa.ipb.pt\/cv\/jazevedo\/wp-json\/wp\/v2\/pages\/160\/revisions"}],"predecessor-version":[{"id":669,"href":"https:\/\/esa.ipb.pt\/cv\/jazevedo\/wp-json\/wp\/v2\/pages\/160\/revisions\/669"}],"wp:attachment":[{"href":"https:\/\/esa.ipb.pt\/cv\/jazevedo\/wp-json\/wp\/v2\/media?parent=160"}],"curies":[{"name":"wp","href":"https:\/\/api.w.org\/{rel}","templated":true}]}}