{"id":150,"date":"2016-03-02T15:20:23","date_gmt":"2016-03-02T15:20:23","guid":{"rendered":"https:\/\/esa.ipb.pt\/cv\/jazevedo\/?page_id=150"},"modified":"2023-06-28T08:31:11","modified_gmt":"2023-06-28T08:31:11","slug":"students","status":"publish","type":"page","link":"https:\/\/esa.ipb.pt\/cv\/jazevedo\/students\/","title":{"rendered":""},"content":{"rendered":"<h3><strong>PhD students<\/strong><\/h3>\n<p style=\"padding-left: 30px\">\u00c2ngelo Sil. Biodiversity, Genetics and Evolution &#8211; BIODIV Programme, Faculdade de Ci\u00eancias da Universidade do Porto, Porto, Portugal (co-supervisor; ongoing)<\/p>\n<p style=\"padding-left: 30px\">Dionatan Gerber. Programa Doutoral em Desenvolvimento Sustent\u00e1vel da Floresta, Universidade de Coimbra &amp; Universidade de Tr\u00e1s-os-Montes e Alto Douro, Portugal (ongoing)<\/p>\n<p style=\"padding-left: 30px\">Erika Rold\u00e3o Lemos de Almeida. Doutoramento em Biologia, Universidade de \u00c9vora, Portugal (co-supervisor; ongoing)<\/p>\n<p style=\"padding-left: 30px\">Felipe Pacheco Spirlandelli. Biodiversity, Genetics and Evolution &#8211; BIODIV Programme, Faculdade de Ci\u00eancias da Universidade do Porto, Porto, Portugal<\/p>\n<p style=\"padding-left: 30px\">Lien Imbrechts. VU University Amsterdam &#8211; SENSE Graduate School, The Netherlands (co-supervisor; ongoing)<\/p>\n<h3><strong>MSc students<\/strong><\/h3>\n<h4>Environmental Technology (ESA\/IPB)<\/h4>\n<p style=\"padding-left: 30px\">Paula Krummreich Schumann. Mapeamento da din\u00e2mica do carbono na Reserva da Faia Brava. Ongoing.<\/p>\n<p style=\"padding-left: 30px\">Renan Gon\u00e7alves Santos. 2020. Din\u00e2mica espacial do azinhal em Tr\u00e1s-os-Montes.<\/p>\n<p style=\"padding-left: 30px\">Edmar dos Santos. 2019. Avalia\u00e7\u00e3o da adequa\u00e7\u00e3o de sistemas de \u00e1reas de conserva\u00e7\u00e3o nacionais \u00e0 conserva\u00e7\u00e3o da diversi-dade de esp\u00e9cies em Portugal e no Estado do Paran\u00e1, Brasil.<\/p>\n<p style=\"padding-left: 30px\">Felipe Pacheco Spirlandelli. 2019. Avalia\u00e7\u00e3o de conectividade de habitats protegidos em Redes de conserva\u00e7\u00e3o de Portugal e no Estado do Paran\u00e1 no Brasil.<\/p>\n<p style=\"padding-left: 30px\">Paula Ver\u00f3nica Remor. 2017. An\u00e1lise energ\u00e9tica, ambiental e econ\u00f3mica da implementa\u00e7\u00e3o de aquecimento urbano (district heating) em Bragan\u00e7a.<\/p>\n<p style=\"padding-left: 30px\">L\u00facia Patr\u00edcia Alves Dantas. 2014. Modela\u00e7\u00e3o espacial das concentra\u00e7\u00f5es de Material Particulado (PM2.5) proveniente da combust\u00e3o residencial de biomassa lenhosa na cidade de Bragan\u00e7a. Co-advisor<\/p>\n<p style=\"padding-left: 30px\">Marta Catarina Couto Ferreira. 2012. Consumo Dom\u00e9stico de Biomassa Lenhosa e Emiss\u00f5es Atmosf\u00e9ricas na Cidade de Bragan\u00e7a.\u00a0Co-advisor<\/p>\n<h4>Forest Resources Management (ESA\/IPB)<\/h4>\n<p style=\"padding-left: 30px\">Rute Solange Quit\u00e9rio Rainha Pacheco. Contribui\u00e7\u00f5es profissionais para a concretiza\u00e7\u00e3o da miss\u00e3o da FLorestgal, empresa p\u00fablica de gest\u00e3o e desenvolvimento florestal. Ongoing.<\/p>\n<p style=\"padding-left: 30px\">Girlaine Glenda Simplicio Brito. 2021. Determina\u00e7\u00e3o das coordenadas geod\u00e9sicas de marcos de apoio geod\u00e9sico em Dois Vizinhos. Co-advisor.<\/p>\n<p style=\"padding-left: 30px\">Camila de Castro Hissi. 2021. Avalia\u00e7\u00e3o Bibliom\u00e9trica do Uso de Biomassa Florestal Para Fins Energ\u00e9ticos.\u00a0<\/p>\n<p style=\"padding-left: 30px\">Leandro Macedo Godoy. 2020. Estimativa do potencial de produ\u00e7\u00e3o de biomassa lenhosa residual nas sub-regi\u00f5es Terras de Tr\u00e1s-os-Montes e Aveiro.\u00a0<\/p>\n<p style=\"padding-left: 30px\">Dionatan Gerber. 2020. Modela\u00e7\u00e3o do desenvolvimento inicial de esp\u00e9cies arb\u00f3reas utilizadas em recupera\u00e7\u00e3o de \u00e1reas florestais.\u00a0<\/p>\n<p style=\"padding-left: 30px\">Hind Naciri. 2017. Application of repeat photography in landscape change analysis in the region of Bragan\u00e7a, Portugal.\u00a0(Institut Agronomique et V\u00e9terinaire Hassan II)<\/p>\n<p style=\"padding-left: 30px\">Soukaina Rachdi. 2016. Analysis of the effects of landscape composition and configuration on fire behavior. (Institut Agronomique et V\u00e9terinaire Hassan II)<\/p>\n<p style=\"padding-left: 30px\">Youssef QaouQaou. 2016. Development of an online database of historical photography to analyse landscape change. (Institut Agronomique et V\u00e9terinaire Hassan II).\u00a0Co-advisor<\/p>\n<p style=\"padding-left: 30px\">Ana Paula Rodrigues. 2015. Quantifica\u00e7\u00e3o, valora\u00e7\u00e3o e mapeamento de servi\u00e7os de produ\u00e7\u00e3o em ecossistemas do concelho de Bragan\u00e7a.<\/p>\n<p style=\"padding-left: 30px\">\u00c2ngelo Filipe dos Reis Pereira e Cortinhas Sil. 2014. Altera\u00e7\u00f5es da paisagem e servi\u00e7os de ecossistema: quantifica\u00e7\u00e3o e valoriza\u00e7\u00e3o do sequestro de carbono na bacia superior do rio Sabor.<\/p>\n<p style=\"padding-left: 30px\">Jo\u00e3o Carlos Pereira Rua. 2012. Establishment of a hydrological model in a subbasin of the Sabor river.<\/p>\n<p style=\"padding-left: 30px\">Ana Paula Soares Gon\u00e7alves. 2010. A Invas\u00e3o de Corythucha ciliata (Hemiptera: Tingidae) em espa\u00e7os verdes urbanos em Portugal Continental. Co-advisor<\/p>\n<p style=\"padding-left: 30px\">Helena Margarida Pires Pinheiro. 2009. Altera\u00e7\u00e3o do uso do solo e stocks de carbono na freguesia de Deil\u00e3o, Bragan\u00e7a.<\/p>\n<p style=\"padding-left: 30px\">Lurdes Afonso Lagoa. 2009. Produ\u00e7\u00e3o de biomassa em talhadias de carvalho-negral.<\/p>\n<p style=\"padding-left: 30px\">Cristina Maria Barbosa Miranda. 2009. Instala\u00e7\u00e3o de culturas lenhosas de r\u00e1pido crescimento para produ\u00e7\u00e3o de biomassa.<\/p>\n<p style=\"padding-left: 30px\">Liliana Raquel de Melo e Silva. 2009. Micorriza\u00e7\u00e3o de esp\u00e9cies florestais. Co-advisor<\/p>\n<h4>Nature Management and Conservation (U. Azores\/U. Algarve\/ESA\/IPB)<\/h4>\n<p style=\"padding-left: 30px\">Anabela Silva Possacos. 2009. Influ\u00eancia de manchas de azinhal na din\u00e2mica espacial de fogos florestais.<\/p>\n<p style=\"padding-left: 30px\">C\u00e9sar Alberto da Silva Moreira. 2009. Altera\u00e7\u00e3o da paisagem e comportamento do fogo na freguesia de Fran\u00e7a, Bragan\u00e7a.<\/p>\n<h4>Ecology, Environment and Territory (U. Porto)<\/h4>\n<p style=\"padding-left: 30px\">Ana Teresa Gon\u00e7alves Novais. 2017. Integrating concepts and indicators for a more effective assessment of High Nature Value Forests. Co-advisor<\/p>\n<h4>Mobility programs<\/h4>\n<p style=\"padding-left: 40px\">Yuri Tomaz Martins. Universidade Federal Rural do Rio de Janeiro &#8211; UFRRJ, Brazil. 2020.<\/p>\n<p style=\"padding-left: 40px\">Cleide Mara Martins de Oliveira. Instituto Federal do Sudeste de Minas Gerais (Campus Barbacena), Brazil. 2019.<\/p>\n<p style=\"padding-left: 40px\">Alice de Ara\u00fajo Garcia. Instituto Federal do Sudeste de Minas Gerais (Campus Barbacena), Brazil. 2018.<\/p>\n<p style=\"padding-left: 40px\">Juan Daniel Garc\u00eda Villabrille. Escuela Polit\u00e9cnica Superior de Lugo, Universidade de Santiago de Compostela, Spain. 2014.<\/p>\n<p style=\"padding-left: 40px\">Simone Rodrigues Magalh\u00e3es. Universidade Federal de Vi\u00e7osa, Brazil. 2010\/2011.<\/p>\n<p style=\"padding-left: 40px\">Ernesto Escalante Otalora. Universidade de Valladolid, Spain. 2010.<\/p>\n<p style=\"padding-left: 40px\">Diogo Noses Sp\u00ednola. Universidade Federal de Vi\u00e7osa, Brazil. 2009\/2010.<\/p>\n<p>\u00a0<\/p>\n\n\n<p><\/p>\n","protected":false},"excerpt":{"rendered":"<p>PhD students \u00c2ngelo Sil. Biodiversity, Genetics and Evolution &#8211; BIODIV Programme, Faculdade de Ci\u00eancias da Universidade do Porto, Porto, Portugal (co-supervisor; ongoing) Dionatan Gerber. Programa Doutoral em Desenvolvimento Sustent\u00e1vel da Floresta, Universidade de Coimbra &amp; Universidade de Tr\u00e1s-os-Montes e Alto Douro, Portugal (ongoing) Erika Rold\u00e3o Lemos de Almeida. Doutoramento em Biologia, Universidade de \u00c9vora, Portugal [&hellip;]<\/p>\n","protected":false},"author":3,"featured_media":0,"parent":0,"menu_order":0,"comment_status":"closed","ping_status":"closed","template":"sidebar-page.php","meta":[],"_links":{"self":[{"href":"https:\/\/esa.ipb.pt\/cv\/jazevedo\/wp-json\/wp\/v2\/pages\/150"}],"collection":[{"href":"https:\/\/esa.ipb.pt\/cv\/jazevedo\/wp-json\/wp\/v2\/pages"}],"about":[{"href":"https:\/\/esa.ipb.pt\/cv\/jazevedo\/wp-json\/wp\/v2\/types\/page"}],"author":[{"embeddable":true,"href":"https:\/\/esa.ipb.pt\/cv\/jazevedo\/wp-json\/wp\/v2\/users\/3"}],"replies":[{"embeddable":true,"href":"https:\/\/esa.ipb.pt\/cv\/jazevedo\/wp-json\/wp\/v2\/comments?post=150"}],"version-history":[{"count":28,"href":"https:\/\/esa.ipb.pt\/cv\/jazevedo\/wp-json\/wp\/v2\/pages\/150\/revisions"}],"predecessor-version":[{"id":658,"href":"https:\/\/esa.ipb.pt\/cv\/jazevedo\/wp-json\/wp\/v2\/pages\/150\/revisions\/658"}],"wp:attachment":[{"href":"https:\/\/esa.ipb.pt\/cv\/jazevedo\/wp-json\/wp\/v2\/media?parent=150"}],"curies":[{"name":"wp","href":"https:\/\/api.w.org\/{rel}","templated":true}]}}