{"id":121,"date":"2016-03-01T23:37:19","date_gmt":"2016-03-01T23:37:19","guid":{"rendered":"https:\/\/esa.ipb.pt\/cv\/jazevedo\/?page_id=121"},"modified":"2022-02-06T16:18:29","modified_gmt":"2022-02-06T16:18:29","slug":"organizations","status":"publish","type":"page","link":"https:\/\/esa.ipb.pt\/cv\/jazevedo\/organizations\/","title":{"rendered":""},"content":{"rendered":"<h2>Scientific organizations<\/h2>\n<p style=\"padding-left: 30px\"><a href=\"https:\/\/iufrole-wp.weebly.com\/\" target=\"_blank\" rel=\"noopener noreferrer\">IUFRO &#8211; Landscape Ecology Working Group<\/a> (IUFRO 8.01.02), Chair<\/p>\n<p style=\"padding-left: 30px\"><a href=\"https:\/\/www.iufro.org\/\" target=\"_blank\" rel=\"noopener noreferrer\">International Union of Forest Research Organizations<\/a> (IUFRO), associate member<\/p>\n<p style=\"padding-left: 30px\"><a href=\"http:\/\/www.spcflorestais.pt\/\" target=\"_blank\" rel=\"noopener noreferrer\">Sociedade Portuguesa de Ci\u00eancias Florestais<\/a> (SPCF), Audit Committee Chair<\/p>\n<p style=\"padding-left: 30px\"><a href=\"http:\/\/cimo.esa.ipb.pt\/docs\/Rede%20RNIM_DR.pdf\">Rede Nacional de Investiga\u00e7\u00e3o de Montanha<\/a> (RNIM), &#8220;Conselho de Coordena\u00e7\u00e3o&#8221; and &#8220;Conselho Executivo&#8221; member<\/p>\n<p style=\"padding-left: 30px\"><a href=\"http:\/\/cimo.esa.ipb.pt\/LuMont\/index.php\/en\/\">LuMont-Rede de Investiga\u00e7\u00e3o da Lusofonia<\/a><\/p>\n<p style=\"padding-left: 30px\">International Working Group on Forest Landscape Ecology (IALE-IUFRO Working Group), member<\/p>\n<p style=\"padding-left: 30px\"><a href=\"http:\/\/cimo.ipb.pt\/riim\/\" target=\"_blank\" rel=\"noopener noreferrer\">Rede Ib\u00e9rica de Investiga\u00e7\u00e3o de Montanha<\/a> (RIIM) (2017-2020)<\/p>\n<p style=\"padding-left: 30px\"><a href=\"https:\/\/iufrole-wp.weebly.com\/\" target=\"_blank\" rel=\"noopener noreferrer\">IUFRO &#8211; Landscape Ecology Working Group<\/a> (IUFRO 8.01.02), Deputy (2015-2017) and regional representative for Europe (2013-2017)<\/p>\n<p style=\"padding-left: 30px\"><a href=\"http:\/\/www.apep.pt\/\" target=\"_blank\" rel=\"noopener noreferrer\">APEP-Associa\u00e7\u00e3o Portuguesa de Ecologia da Paisagem<\/a> (IALE-Portugal), President (2011-2014)<\/p>\n<h2>Conservation and other organizations<\/h2>\n<p style=\"padding-left: 30px\"><a href=\"http:\/\/www.aldeia.org\/portal\/PT\/38\/default.aspx\" target=\"_blank\" rel=\"noopener noreferrer\">Associa\u00e7\u00e3o Aldeia<\/a><\/p>\n<p style=\"padding-left: 30px\"><a href=\"http:\/\/www.aptran.pt\/\" target=\"_blank\" rel=\"noopener noreferrer\">Associa\u00e7\u00e3o Portuguesa de Tra\u00e7\u00e3o Animal<\/a> (APTRAN)<\/p>\n<p style=\"padding-left: 30px\"><a href=\"https:\/\/www.atnatureza.org\/en\" target=\"_blank\" rel=\"noopener noreferrer\">Associa\u00e7\u00e3o Transum\u00e2ncia e Natureza<\/a> (ATNatureza)<\/p>\n<p style=\"padding-left: 30px\"><a href=\"http:\/\/www.grupomontanhismovr.com\/vilareal\/\" target=\"_blank\" rel=\"noopener noreferrer\">Grupo de Montanhismo de Vila Real<\/a><\/p>\n<p style=\"padding-left: 30px\"><a href=\"http:\/\/www.palombar.org\/\" target=\"_blank\" rel=\"noopener noreferrer\">Palombar <\/a>Associa\u00e7\u00e3o para a Conserva\u00e7\u00e3o da Natureza e do Patrim\u00f3nio Rural<\/p>\n<p style=\"padding-left: 30px\"><a href=\"http:\/\/montisacn.blogspot.com\/\" target=\"_blank\" rel=\"noopener noreferrer\">MONTIS <\/a>Associa\u00e7\u00e3o de Conserva\u00e7\u00e3o da Natureza<\/p>\n\n\n<p><\/p>\n","protected":false},"excerpt":{"rendered":"<p>Scientific organizations IUFRO &#8211; Landscape Ecology Working Group (IUFRO 8.01.02), Chair International Union of Forest Research Organizations (IUFRO), associate member Sociedade Portuguesa de Ci\u00eancias Florestais (SPCF), Audit Committee Chair Rede Nacional de Investiga\u00e7\u00e3o de Montanha (RNIM), &#8220;Conselho de Coordena\u00e7\u00e3o&#8221; and &#8220;Conselho Executivo&#8221; member LuMont-Rede de Investiga\u00e7\u00e3o da Lusofonia International Working Group on Forest Landscape Ecology [&hellip;]<\/p>\n","protected":false},"author":3,"featured_media":0,"parent":0,"menu_order":0,"comment_status":"closed","ping_status":"closed","template":"sidebar-page.php","meta":[],"_links":{"self":[{"href":"https:\/\/esa.ipb.pt\/cv\/jazevedo\/wp-json\/wp\/v2\/pages\/121"}],"collection":[{"href":"https:\/\/esa.ipb.pt\/cv\/jazevedo\/wp-json\/wp\/v2\/pages"}],"about":[{"href":"https:\/\/esa.ipb.pt\/cv\/jazevedo\/wp-json\/wp\/v2\/types\/page"}],"author":[{"embeddable":true,"href":"https:\/\/esa.ipb.pt\/cv\/jazevedo\/wp-json\/wp\/v2\/users\/3"}],"replies":[{"embeddable":true,"href":"https:\/\/esa.ipb.pt\/cv\/jazevedo\/wp-json\/wp\/v2\/comments?post=121"}],"version-history":[{"count":22,"href":"https:\/\/esa.ipb.pt\/cv\/jazevedo\/wp-json\/wp\/v2\/pages\/121\/revisions"}],"predecessor-version":[{"id":628,"href":"https:\/\/esa.ipb.pt\/cv\/jazevedo\/wp-json\/wp\/v2\/pages\/121\/revisions\/628"}],"wp:attachment":[{"href":"https:\/\/esa.ipb.pt\/cv\/jazevedo\/wp-json\/wp\/v2\/media?parent=121"}],"curies":[{"name":"wp","href":"https:\/\/api.w.org\/{rel}","templated":true}]}}