{"id":31,"date":"2014-12-02T15:36:51","date_gmt":"2014-12-02T15:36:51","guid":{"rendered":"https:\/\/esa.ipb.pt\/cv\/angelor\/?page_id=31"},"modified":"2020-06-02T14:58:17","modified_gmt":"2020-06-02T14:58:17","slug":"research-projects-and-supervising","status":"publish","type":"page","link":"https:\/\/esa.ipb.pt\/cv\/angelor\/research-projects-and-supervising\/","title":{"rendered":"Research Projects (with budget) and supervising"},"content":{"rendered":"<p>Total (30), International (4) and National (26) projects<\/p>\n<p>Project coordinator (2).<\/p>\n<p>Institutional project coordinator (6).<\/p>\n<p>Member of the team of the project (22).<\/p>\n<p><strong>&nbsp;<\/strong><\/p>\n<h4><strong>Research Projects with external funding&nbsp;<\/strong><\/h4>\n<p><strong>&nbsp;<\/strong><\/p>\n<p><strong>National projects (responsible researcher)<\/strong><\/p>\n<p><strong><em>Project title<\/em><\/strong> \u2013 Coberturas vegetais: a estrat\u00e9gia decisiva na gest\u00e3o sustent\u00e1vel dos olivais de sequeiro (2010-2013). Projeto PTDC\/AGR-AAM\/098326\/2008.<\/p>\n<p><em>Funding<\/em> \u2013 Funda\u00e7\u00e3o para a Ci\u00eancia e Tecnologia (IPB: 88 863\u20ac)<\/p>\n<p><em>Partners<\/em> \u2013 Instituto Polit\u00e9cnico de Bragan\u00e7a; Universidade de Tr\u00e1s-os-Montes e Alto Douro.<\/p>\n<p>&nbsp;<\/p>\n<p><strong><em>Project title<\/em><\/strong> \u2013 Estrat\u00e9gias de minimiza\u00e7\u00e3o da safra e contrassafra em olival (2004-2007)<\/p>\n<p><em>Funding<\/em> \u2013 Programa AGRO, Medida 8, A\u00e7\u00e3o 8.1 (IPB: 39 840 \u20ac)<\/p>\n<p><em>Partners<\/em> \u2013 Instituto Polit\u00e9cnico de Bragan\u00e7a; Universidade de Tr\u00e1s-os-Montes e Alto Douro; Dire\u00e7\u00e3o Regional de Agricultura e Pescas do Norte; Associa\u00e7\u00e3o de Olivicultores de Tr\u00e1s-os-Montes e Alto Douro.<\/p>\n<p>&nbsp;<\/p>\n<p><strong>National projects (responsible researcher at the IPB)<\/strong><\/p>\n<p><strong><em>&nbsp;<\/em><\/strong><strong><em>Project title<\/em><\/strong><strong> &#8211;&nbsp; <\/strong>PRO+Jovens 4.0 (PDR2020-2024-055204). Opera\u00e7\u00e3o &#8211; 20.2.4 &#8211; Assist\u00eancia t\u00e9cnica RRN &#8211; \u00c1rea 4 (Observa\u00e7\u00e3o da agricultura e dos territ\u00f3rios rurais) (2019-2020).<\/p>\n<p><em>Funding<\/em> \u2013 PDR2020 (IPB: 17 797,82 \u20ac)<\/p>\n<p><em>Partners<\/em> \u2013 Instituto Polit\u00e9cnico de Bragan\u00e7a; FENAP\u00cdCOLA; Associa\u00e7\u00e3o Norte Agr\u00edcola; FENADEGAS; CAPEMEL.<\/p>\n<p><strong><em>&nbsp;<\/em><\/strong><\/p>\n<p><strong><em>Project title<\/em><\/strong> <strong>&#8211;&nbsp; EGIS, <\/strong>Estrat\u00e9gias de gest\u00e3o do solo e da \u00e1gua em esp\u00e9cies produtoras de frutos secos. Opera\u00e7\u00e3o &#8211; 1.0.1 &#8211; Grupos Operacionais. Candidatura n.\u00ba PDR2020-101-030981 (2018-2021).<\/p>\n<p><em>Funding<\/em> \u2013&nbsp; (IPB: 55 574 \u20ac)<\/p>\n<p><em>Partners<\/em> \u2013 CNCFS; IPB; UTAD; IPV; IPC; INIAV; REFCAST; ARBOREA; Cooperativa Soutos os Cavaleiros; Cooperativa agr\u00edcola de Alf\u00e2ndega da F\u00e9; Associa\u00e7\u00e3o Regional dos Agricultores das Terras de Montenegro; Associa\u00e7\u00e3o Florestal Vale Douro Norte; Cooperativa dos Lavradores do Centro e Norte; Cooperativa Agr\u00edcola de Penela da Beira; Cooperativa Agr\u00edcola de Produtores de Frutos de Casca Rija; Agro Rio Bom, Lda; Filipe Rodrigues Pereira.<\/p>\n<p>&nbsp;<\/p>\n<p><strong><em>Project title<\/em><\/strong> &#8211; Introdu\u00e7\u00e3o de telas antigranizo em macieira: avalia\u00e7\u00e3o de efeitos colaterais e impacte econ\u00f3mico (projeto PRODER n\u00ba 54823). 23-04-2014 a 23-04-2017.<\/p>\n<p><em>Funding<\/em> \u2013 PRODER, Medida 4.1. Coopera\u00e7\u00e3o para a Inova\u00e7\u00e3o (IPB, 87 167,56\u20ac).<\/p>\n<p><em>Partners<\/em> \u2013 Empresa promotora Mallus. Entidades participantes: IPB; UTAD; CAGEST.<\/p>\n<p><strong><em>&nbsp;<\/em><\/strong><\/p>\n<p><strong><em>Project title<\/em><\/strong> \u2013 Gest\u00e3o Sustent\u00e1vel da Produ\u00e7\u00e3o de Plantas Arom\u00e1ticas e Medicinais (projeto PRODER n\u00ba 46025). 01-07-2012 a 31-12-2014.<\/p>\n<p><em>Funding<\/em> \u2013 PRODER, Medida 4.1. Coopera\u00e7\u00e3o para a Inova\u00e7\u00e3o (IPB, 60 675,43\u20ac).<\/p>\n<p><em>Partners<\/em> \u2013 Empresa parceira Pragm\u00e1tico Aroma; IPB.<\/p>\n<p>&nbsp;<\/p>\n<p><strong><em>Project title<\/em><\/strong> \u2013Adapta\u00e7\u00e3o cultural de hortel\u00e3-vulgar e St\u00e9via (projeto PRODER n\u00ba 46207). 01-07-2012 a 31-12-2014.<\/p>\n<p><em>Funding<\/em> \u2013 PRODER, Medida 4.1. Coopera\u00e7\u00e3o para a Inova\u00e7\u00e3o (IPB, 65 238,52\u20ac).<\/p>\n<p><em>Partners<\/em> \u2013 Empresa parceira TouchFlowers; IPB.<\/p>\n<p>&nbsp;<\/p>\n<p><strong><em>Project title<\/em><\/strong> \u2013 <strong>OlivaTMAD \u2013 Rede Tem\u00e1tica de Informa\u00e7\u00e3o e Divulga\u00e7\u00e3o da Fileira Oliv\u00edcola em Tr\u00e1s-os-Montes e Alto Douro &#8211; <\/strong>Medida 4.2.2.2 (2010-2014).<\/p>\n<p><em>Funding<\/em> \u2013 PRODER, Redes Tem\u00e1ticas de Informa\u00e7\u00e3o e Divulga\u00e7\u00e3o do PRODER (IPB: 438 138\u20ac).<\/p>\n<p><em>Partners<\/em> \u2013 Associa\u00e7\u00e3o de Olivicultores de Tr\u00e1s-os-Montes e Alto Douro; Escola Superior Agr\u00e1ria de Bragan\u00e7a; Universidade de Tr\u00e1s-os-Montes e Alto Douro; Instituto PIAGET; PIAGET &#8211; Alimentar.<\/p>\n<p><strong>&nbsp;<\/strong><\/p>\n<p><strong><em>Project title<\/em><\/strong> \u2013 Redu\u00e7\u00e3o do custo de produ\u00e7\u00e3o e do impacte ambiental da cultura da batata (1997-2000) &#8211; Investiga\u00e7\u00e3o inserida no projeto PAMAF 6107.<\/p>\n<p><em>Funding<\/em> \u2013 Programa PAMAF-IED (IPB: 23 892\u20ac).<\/p>\n<p><em>Partners<\/em> \u2013 Universidade de Tr\u00e1s-os-Montes e Alto Douro; Escola Superior Agr\u00e1ria de Bragan\u00e7a; Dire\u00e7\u00e3o Regional de Agricultura e Pescas do Norte.<\/p>\n<p>&nbsp;<\/p>\n<p><strong>National projects (participation as a team member)<\/strong><\/p>\n<p>&nbsp;<\/p>\n<p><strong><em>Project title<\/em><\/strong> <strong>\u2013 <\/strong>Valor+: Cria\u00e7\u00e3o de valor com os subprodutos agroalimentares e florestais. OPERA\u00c7\u00c3O 20.4 &#8211; ASSIST\u00caNCIA T\u00c9CNICA RRN \u2013 \u00c1rea 4. Refer\u00eancia: PDR2020. (PDR2020-20.2.4-FEADER-032958).<\/p>\n<p><em>Funding<\/em> \u2013 PDR2020 (IPB: 20 000\u20ac)<\/p>\n<p><em>Partners<\/em> \u2013 CNCFS; IPB; CCTI; BLC3; Forestis; APITAD.<\/p>\n<p>&nbsp;<\/p>\n<p><strong><em>Project title<\/em><\/strong> &#8211; Novas pr\u00e1ticas em olivais de sequeiro: estrat\u00e9gias de mitiga\u00e7\u00e3o e adapta\u00e7\u00e3o \u00e0s altera\u00e7\u00f5es clim\u00e1ticas. Grupos operacionais, parceria n\u00ba 343, candidatura n.o PDR2020-101-032115<\/p>\n<p><em>Funding<\/em> \u2013 PDR2020 (IPB: 127 581,79\u20ac)<\/p>\n<p><em>Partners<\/em> \u2013 Associa\u00e7\u00e3o de Produtores em&nbsp;Prote\u00e7\u00e3o Integrada de Tr\u00e1s-os-Montes; Acushla, SA; Almira dos Anjos Robalo Cordeiro; Centro de Gest\u00e3o da Empresa Agr\u00edcola Vale do Tua; Centro de Gest\u00e3o de Empresas Agr\u00edcolas Vimiosense; Herdeiros de Manuel Alberto Ferraz de Sousa Ata\u00edde Pav\u00e3o; Instituto Polit\u00e9cnico de Bragan\u00e7a; L\u00facia Maria Lage Gomes de S\u00e1; Manuel Domingos Carvalho; Maria dos Anjos Rosa Rodrigues; Universidade de Tr\u00e1s-os-Montes e Alto Douro.<\/p>\n<p>&nbsp;<\/p>\n<p><strong><em>Project title<\/em><\/strong> &#8211; Promo\u00e7\u00e3o do potencial econ\u00f3mico e da sustentabilidade dos setores do azeite e da castanha (BIOSAVE). Projeto SAICT (Sistema de Apoio \u00e0 Investiga\u00e7\u00e3o Cient\u00edfica e Tecnol\u00f3gica) n\u00ba 023721. Biosave &#8211; Increasing the economic potential and sustainability of olive oil and chestnut fruit sectors. SAICT \u2013 COMPETE2020. 02\/SAICT\/2016. 2017-2018.<\/p>\n<p><em>Funding<\/em> \u2013 COMPETE2020 (IPB: 105 002,07\u20ac)<\/p>\n<p><em>Partners<\/em> \u2013 Acushla, S.A.; CNCFS; IPB.<\/p>\n<p>&nbsp;<\/p>\n<p><strong><em>Project title<\/em><\/strong><strong><em> &#8211; <\/em><\/strong>VITISHIDRI &#8211; Estrat\u00e9gias para a Gest\u00e3o do Stresse H\u00eddrico da Vinha no Douro Superior. PDR2020-101-031487. (01.03.2017 a 28.02.2021).<\/p>\n<p><strong><em>&nbsp;<\/em><\/strong><\/p>\n<p><strong><em>Project title<\/em><\/strong><strong><em> &#8211; <\/em><\/strong>Terra@Alva \u2013 Definition and impact of terroir in the quality of Alvarinho wine. SAICT \u2013 COMPETE2020. 02\/SAICT\/2016, candidatura n\u00ba 024328. 2017-2018.<\/p>\n<p>&nbsp;<\/p>\n<p>&nbsp;<\/p>\n<p><strong><em>Project title<\/em><\/strong> \u2013 Risco de exposi\u00e7\u00e3o ao ozono para a vinha Duriense em clima atual e futuro (Dourozone). Projeto PTCD\/AAG-MAA\/3335\/2014. DOUROZONE &#8211; Risco de ozono para a vinha Duriense em clima actual e futuro. PTDC\/AAG-MAA\/3335\/2014. (01.07.2016 a 30.06.2018).<\/p>\n<p><strong><em>&nbsp;<\/em><\/strong><\/p>\n<p><strong><em>Project title<\/em><\/strong> &#8211; Estrat\u00e9gias Integradas para o aumento da produtividade da amendoeira em Tr\u00e1s-os-Montes. Medida 4.1. Coopera\u00e7\u00e3o para a Inova\u00e7\u00e3o do programa PRODER &#8211; Programa de Desenvolvimento Rural. Projeto n\u00ba 54611.<\/p>\n<p><strong><em>&nbsp;<\/em><\/strong><\/p>\n<p><strong><em>Project title<\/em><\/strong> &#8211; ECODEEP- Eco-Efici\u00eancia e a Eco-Gest\u00e3o no sector Agro-Industrial. COMPETE-SIAC-AAC1\/SIAC\/2011 \u2013 Projeto 18643. <em>Financiamento<\/em> &#8211; COMPETE &#8211; Programa Operacional Factores de Competitividade, pelo QREN &#8211; Quadro de Refer\u00eancia Estrat\u00e9gico Nacional e pela Uni\u00e3o Europeia &#8211; Fundo Europeu de Desenvolvimento Regional.<\/p>\n<p><em>Funding<\/em> \u2013 Funda\u00e7\u00e3o Para a Ci\u00eancia e Tecnologia (IPB: 285 702\u20ac)<\/p>\n<p><em>Partners<\/em> \u2013Univ. Aveiro, UTAD, IPB, IPC, IPCB, ADAI.<\/p>\n<p><strong><em>&nbsp;<\/em><\/strong><\/p>\n<p><strong><em>Project title<\/em><\/strong> \u2013 Rede de Informa\u00e7\u00e3o Estrat\u00e9gica Agr\u00edcola \u2013 Projeto PRODER. Medida 4.2.2.2. Redes Tem\u00e1ticas de Informa\u00e7\u00e3o e Divulga\u00e7\u00e3o do PRODER (2010-2012)<\/p>\n<p><em>Funding <\/em>\u2013 PRODER (IPB: 29 650 \u20ac)<\/p>\n<p><em>Partners<\/em> \u2013 CNJ Confedera\u00e7\u00e3o Nacional dos Jovens Agricultores e do Desenvolvimento Regional (entidade Gestora); Associa\u00e7\u00e3o dos Escan\u00e7\u00f5es de Portugal; IDIM, Instituto de Desenvolvimento e Investiga\u00e7\u00e3o em Marketing; Instituto Polit\u00e9cnico da Guarda; Ag\u00eancia de Desenvolvimento Regional do Oeste &#8211; ADRO; Instituto Polit\u00e9cnico de Portalegre; Instituto Polit\u00e9cnico de Santar\u00e9m; Associa\u00e7\u00e3o Parque de Ci\u00eancia e Tecnologia Almada\/Set\u00fabal &#8211; MADAN PARQUE; Universidade do Algarve; Instituto Polit\u00e9cnico de Bragan\u00e7a; Instituto Polit\u00e9cnico de Viana do Castelo; Instituto Polit\u00e9cnico de Coimbra<\/p>\n<p><strong><em>&nbsp;<\/em><\/strong><\/p>\n<p><strong><em>Project title<\/em><\/strong> \u2013 Pieris brassicae como laborat\u00f3rio de s\u00edntese de novos compostos com potencial biol\u00f3gico a partir de Brassica oleracea var. costata, Brassica oleracea var. acephala e Brassica rapa var. rapa. PTDC\/AGR-AAM\/64150\/2006 (2008-2010).<\/p>\n<p><em>Funding<\/em> \u2013 Funda\u00e7\u00e3o Para a Ci\u00eancia e Tecnologia (IPB: 74 000\u20ac).<\/p>\n<p><em>Partners<\/em> \u2013 Instituto de Ci\u00eancias e Tecnologias Agr\u00e1rias e Agro-Alimentares \u2013 Porto; IPB.<\/p>\n<p>&nbsp;<\/p>\n<p><strong><em>Project title<\/em><\/strong> \u2013 BioPast \u2013 Uma abordagem integrada \u00e0s pastagens permanentes biodiversas ricas em leguminosas. Investiga\u00e7\u00e3o inserida no projeto PTDC\/AGR-AAM\/69637\/2006 (2007-2010).<\/p>\n<p><em>Funding<\/em> \u2013 Funda\u00e7\u00e3o Para a Ci\u00eancia e Tecnologia (IPB: 52 110 \u20ac).<\/p>\n<p><em>Partners<\/em> \u2013 Instituto Superior T\u00e9cnico; Instituto Polit\u00e9cnico de Bragan\u00e7a; Instituto Nacional de Investiga\u00e7\u00e3o Agr\u00e1ria e das Pescas.<\/p>\n<p>&nbsp;<\/p>\n<p><strong><em>Project title<\/em><\/strong> \u2013 Estudo de diferentes t\u00e9cnicas para avalia\u00e7\u00e3o do azoto potencialmente dispon\u00edvel para as culturas a partir de res\u00edduos org\u00e2nicos incorporados ao solo (1999-2001) &#8211; Investiga\u00e7\u00e3o inserida no projeto PRAXIS P\/AGR\/11045\/98.<\/p>\n<p><em>Funding<\/em> \u2013 Funda\u00e7\u00e3o para a Ci\u00eancia e Tecnologia<\/p>\n<p><em>Partners<\/em> \u2013 Instituto Superior de Agronomia; Universidade de Tr\u00e1s-os-Montes e Alto Douro.<\/p>\n<p>&nbsp;<\/p>\n<p><strong><em>Project title<\/em><\/strong> \u2013 Caracteriza\u00e7\u00e3o fitoqu\u00edmica e actividade antioxidante de culturas in vivo e in vitro de Brassica oleracea var. costata (couve tronchuda). Investiga\u00e7\u00e3o inserida no projeto POCI\/AGR\/57399\/2004 (2005-2008).<\/p>\n<p><em>Funding<\/em> \u2013 Funda\u00e7\u00e3o para a Ci\u00eancia e Tecnologia (IPB: 23 906 \u20ac)<\/p>\n<p><em>Partners<\/em> \u2013 Instituto de Ci\u00eancias e Tecnologias Agr\u00e1rias e Agro-Alimentares (ICETA), PORTO; IPB.<\/p>\n<p>&nbsp;<\/p>\n<p><strong><em>Project title<\/em><\/strong> \u2013 Protec\u00e7\u00e3o contra pragas do olival numa \u00f3ptica de defesa do ambiente e do consumidor \u2013 Investiga\u00e7\u00e3o inserida no programa AGRO 482 (2003-2007)<\/p>\n<p><em>Funding<\/em> \u2013 Programa AGRO, Medida 8, A\u00e7\u00e3o 8.1 (IPB: 48 500 \u20ac)<\/p>\n<p><em>Partners<\/em> \u2013 Universidade de Tr\u00e1s-os-Montes e Alto Douro; Instituto Polit\u00e9cnico de Bragan\u00e7a; Dire\u00e7\u00e3o Regional de Agricultura de Tr\u00e1s-os-Montes e Alto Douro; Associa\u00e7\u00e3o de Agricultores de Tr\u00e1s-os-Montes e Alto Douro; Instituto de Ci\u00eancias e Tecnologia Agro-Alimentar da Universidade do Porto.<\/p>\n<p>&nbsp;<\/p>\n<p><strong><em>Project title<\/em><\/strong> \u2013 Protec\u00e7\u00e3o integrada da oliveira nas regi\u00f5es de Tr\u00e1s-os-Montes e Beira Interior &#8211; Investiga\u00e7\u00e3o inserida no programa AGRO 296 (2001-2005).<\/p>\n<p><em>Funding<\/em> \u2013 Programa AGRO, Medida 8, A\u00e7\u00e3o 8.1 (IPB: 40 605 \u20ac)<\/p>\n<p><em>Partners<\/em> \u2013 Universidade de Tr\u00e1s-os-Montes e Alto Douro; Instituto Polit\u00e9cnico de Bragan\u00e7a; Dire\u00e7\u00e3o Regional de Agricultura de Tr\u00e1s-os-Montes e Alto Douro; Assoc. de Produtores em Prote\u00e7\u00e3o Integrada em Tr\u00e1s-os-Montes e Alto Douro; Assoc. de Agricultores de para a prote\u00e7\u00e3o integrada de Frutos de Montanha<\/p>\n<p>&nbsp;<\/p>\n<p><strong><em>Project title<\/em><\/strong> \u2013 Produ\u00e7\u00e3o biol\u00f3gica de bovinos de carne nos sistemas agro-pecu\u00e1rios de montanha em Tr\u00e1s-os-Montes &#8211; Investiga\u00e7\u00e3o inserida no programa AGRO 227 (2001-2005).<\/p>\n<p><em>Funding<\/em> \u2013 Programa AGRO, Medida 8, A\u00e7\u00e3o 8.1 (IPB: 50 860 \u20ac)<\/p>\n<p><em>Partners<\/em> \u2013 Instituto Polit\u00e9cnico de Bragan\u00e7a; Universidade de Tr\u00e1s-os-Montes e Alto Douro; Dire\u00e7\u00e3o Regional de Agricultura de Tr\u00e1s-os-Montes e Alto Douro; Associa\u00e7\u00e3o de Criadores de Bovinos de Ra\u00e7a Mirandesa; Associa\u00e7\u00e3o Nacional de Criadores de Gado de Ra\u00e7a Barros\u00e3.<\/p>\n<p>&nbsp;<\/p>\n<p><strong><em>Project title<\/em><\/strong> \u2013 Estudos sobre os principais inimigos da oliveira em Tr\u00e1s-os-Montes com vista \u00e0 aplica\u00e7\u00e3o de um programa de protec\u00e7\u00e3o integrada para a cultura &#8211; Investiga\u00e7\u00e3o inserida no projeto PAMAF 2043 (1997-2000).<\/p>\n<p><em>Funding<\/em> \u2013 <em>Programa PAMAF<\/em>-IED (IPB: 54 229 \u20ac)<\/p>\n<p><em>Partners<\/em> \u2013 Universidade de Tr\u00e1s-os-Montes e Alto Douro; Instituto Polit\u00e9cnico de Bragan\u00e7a; Dire\u00e7\u00e3o Regional de Agricultura de Tr\u00e1s-os-Montes e Alto Douro; Dire\u00e7\u00e3o-Geral de Prote\u00e7\u00e3o das Culturas.<\/p>\n<p><strong>&nbsp;<\/strong><\/p>\n<p><strong>&nbsp;<\/strong><\/p>\n<p><strong>International projects<\/strong><\/p>\n<p><strong><em>&nbsp;<\/em><\/strong><\/p>\n<p><strong>Responsible researcher<\/strong><\/p>\n<p><strong><em>&nbsp;<\/em><\/strong><\/p>\n<p><strong><em>Project title<\/em><\/strong><em> \u2013 <\/em>Gest\u00e3o da Fertilidade do solo em ecossistemas agr\u00edcolas. &nbsp;Programa de Apoio \u00e0 Internacionaliza\u00e7\u00e3o 2017\/2018 (EDITAL UTFPR\/IPB 01\/2017).<\/p>\n<p><em>Funding<\/em> \u2013 IPB\/UTFPR (IPB: 7500\u20ac)<\/p>\n<p><em>Partners<\/em> \u2013 Instituto Polit\u00e9cnico de Bragan\u00e7a; Universidade Tecnol\u00f3gica Federal do Paran\u00e1<\/p>\n<p><strong>&nbsp;<\/strong><\/p>\n<p><strong>Participation as a team member<\/strong><\/p>\n<p><strong>&nbsp;<\/strong><\/p>\n<p><strong><em>Project title<\/em><\/strong><strong><em> &#8211; <\/em><\/strong>ECOCHESTNUT &#8211; Organic production of chestnuts and development of better marketing competences in chestnuts producer (ERASMUS+, Call 2019 Round 1 KA2 &#8211; Cooperation for innovation and the exchange of good practices; KA202 &#8211; Strategic Partnerships for vocational education and training)<\/p>\n<p><em>Funding<\/em> \u2013 ERASMUS+ (IPB: 55 730\u20ac)<\/p>\n<p><em>Partners<\/em> \u2013 Cooperative pour le Development de l\u2019emploi dans les m\u00e9tiers du patrimoine, France; Parc Naturel de Corse, France, Universidad de Vigo, Spain; IPB, Portugal; DAKOM, Bulgaria; Mesogelako Kentro Perivallontos, Greece, Agrotycos, Greece,<\/p>\n<p><strong><em>&nbsp;<\/em><\/strong><\/p>\n<p><strong><em>Project title<\/em><\/strong> \u2013 PROBIOENER \u2013 Acci\u00f3n integrada para la promoci\u00f3n e implantaci\u00f3n de efici\u00eancia energ\u00e9tica y energias renovables como factor de competitividad (2009-2012).<\/p>\n<p><em>Funding<\/em> \u2013 Programa operativo FEDER, cooperaci\u00f3n transfronteriza Espa\u00f1a-Portugal (IPB: 213 100\u20ac)<\/p>\n<p><em>Partners<\/em> \u2013 CEOE-CEPYME, Zamora (l\u00edder); Instituto de Recursos Naturales e Agrobiologia de Salamanca (IRNASA); Diputaci\u00f3n de Zamora; Escola Superior de Tecnologia e Gest\u00e3o-IPB; Instituto Polit\u00e9cnico de Bragan\u00e7a, C\u00e2mara Municipal Bragan\u00e7a; N\u00facleo Empresarial da Regi\u00e3o de Bragan\u00e7a (NERBA).<\/p>\n<p><strong>&nbsp;<\/strong><\/p>\n<p><strong><em>Project title<\/em><\/strong> \u2013 VITISREGA \u2013 Distribui\u00e7\u00e3o e identifica\u00e7\u00e3o de variedades aut\u00f3ctonas de videiras e avalia\u00e7\u00e3o da sua resposta \u00e0 irriga\u00e7\u00e3o nas zonas portuguesa e de castelhana do Douro (2006-2008). Inserido no programa INTERREG III B SUD OUEST.<\/p>\n<p><em>Funding<\/em> \u2013 INTERREG III A \u2013 Coopera\u00e7\u00e3o Transfronteiri\u00e7a Portugal \u2013 Espanha (IPB: 52 500\u20ac)<\/p>\n<p><em>Partners<\/em> \u2013 Instituto Tecnol\u00f3gico Agrario de Castilla y Le\u00f3n (Espanha); Instituto Polit\u00e9cnico de Bragan\u00e7a; Universidade de Tr\u00e1s-os-Montes e Alto Douro.<\/p>\n<p>&nbsp;<\/p>\n<p><strong><em>Project title<\/em><\/strong> \u2013 MOABEPE &#8211; Identificati\u00f3n de los agentes pat\u00f3genos y beneficiosos de los principales cultivos de las regiones fronterizas Tras-os-Montes y Castilla y Le\u00f3n para la realizaci\u00f3n de estrategias de control razonadas&nbsp; (2004-2007) \u2013 Inserido no programa INTERREG III A.<\/p>\n<p><em>Funding<\/em> \u2013 INTERREG III A \u2013 Coopera\u00e7\u00e3o Transfronteiri\u00e7a Portugal \u2013Espanha (IPB: 160 000\u20ac)<\/p>\n<p><em>Partners<\/em> \u2013 Instituto Tecnol\u00f3gico Agr\u00e1rio de Castilla y Le\u00f3n (Espanha); Instituto Polit\u00e9cnico de Bragan\u00e7a; Dire\u00e7\u00e3o Regional de Agricultura de Tr\u00e1s-os-Montes e Alto Douro.<\/p>\n<p>&nbsp;<\/p>\n<p><strong><em>Project title<\/em><\/strong> \u2013 BIOFEP &#8211; Comparaison des modes d\u2019organisation, de production et commercialisation des productions animales biologiques en France, Espagne et Portugal (2003-2005) \u2013 Inserido no programa INTERREG III B SUD OUEST.<\/p>\n<p><em>Funding<\/em> \u2013 INTERREG III B SUD OUEST (IPB: 39 920\u20ac)<\/p>\n<p><em>Partners <\/em>\u2013 SUAIA Pyr\u00e9n\u00e9es (Franca); NEIKER Instituto Vasco de Investigaci\u00f3n y Desarrollo Agr\u00e1rio (Espanha); NEIKER,BIOLUR Gipuzkoa (Espanha); BIOLUR Navarra (Espanha); Chambre D\u00b4agriculture des Pyr\u00e9n\u00e9es Atlantiques (Fran\u00e7a); Chambre D\u00b4agriculture de l&#8217;Aude (Fran\u00e7a); Chambre D\u00b4agriculture des hautes Pyr\u00e9n\u00e9es (Fran\u00e7a); Chambre D\u00b4agriculture de l&#8217; Ari\u00e8ge (Fran\u00e7a); Instituto Polit\u00e9cnico de Bragan\u00e7a; Instituto Para o Desenvolvimento Agr\u00e1rio da Regi\u00e3o Norte; Dire\u00e7\u00e3o Regional de Agricultura de Tr\u00e1s-os-Montes e Alto Douro.<\/p>\n","protected":false},"excerpt":{"rendered":"<p>Total (30), International (4) and National (26) projects Project coordinator (2). Institutional project coordinator (6). Member of the team of the project (22). &nbsp; Research Projects with external funding&nbsp; &nbsp; National projects (responsible researcher) Project title \u2013 Coberturas vegetais: a estrat\u00e9gia decisiva na gest\u00e3o sustent\u00e1vel dos olivais de sequeiro (2010-2013). Projeto PTDC\/AGR-AAM\/098326\/2008. Funding \u2013 Funda\u00e7\u00e3o [&hellip;]<\/p>\n","protected":false},"author":1,"featured_media":0,"parent":0,"menu_order":0,"comment_status":"closed","ping_status":"open","template":"","meta":[],"_links":{"self":[{"href":"https:\/\/esa.ipb.pt\/cv\/angelor\/wp-json\/wp\/v2\/pages\/31"}],"collection":[{"href":"https:\/\/esa.ipb.pt\/cv\/angelor\/wp-json\/wp\/v2\/pages"}],"about":[{"href":"https:\/\/esa.ipb.pt\/cv\/angelor\/wp-json\/wp\/v2\/types\/page"}],"author":[{"embeddable":true,"href":"https:\/\/esa.ipb.pt\/cv\/angelor\/wp-json\/wp\/v2\/users\/1"}],"replies":[{"embeddable":true,"href":"https:\/\/esa.ipb.pt\/cv\/angelor\/wp-json\/wp\/v2\/comments?post=31"}],"version-history":[{"count":6,"href":"https:\/\/esa.ipb.pt\/cv\/angelor\/wp-json\/wp\/v2\/pages\/31\/revisions"}],"predecessor-version":[{"id":133,"href":"https:\/\/esa.ipb.pt\/cv\/angelor\/wp-json\/wp\/v2\/pages\/31\/revisions\/133"}],"wp:attachment":[{"href":"https:\/\/esa.ipb.pt\/cv\/angelor\/wp-json\/wp\/v2\/media?parent=31"}],"curies":[{"name":"wp","href":"https:\/\/api.w.org\/{rel}","templated":true}]}}